he greatest common factor of 1496 and 8.
8
Calculate the greatest common divisor of 528 and 220.
44
Calculate the highest common factor of 175 and 63.
7
What is the greatest common factor of 63 and 168?
21
What is the greatest common divisor of 124 and 341?
31
Calculate the highest common divisor of 11 and 6.
1
What is the highest common divisor of 770 and 44?
22
Calculate the highest common divisor of 305 and 61.
61
Calculate the highest common factor of 30 and 66.
6
What is the greatest common divisor of 3190 and 2465?
145
What is the greatest common factor of 14720 and 10?
10
Calculate the highest common factor of 100 and 40.
20
Calculate the greatest common factor of 38258 and 47.
47
What is the greatest common factor of 204 and 12784?
68
What is the highest common divisor of 861 and 42?
21
What is the highest common divisor of 2 and 92?
2
What is the greatest common factor of 168 and 7896?
168
What is the greatest common factor of 350 and 420?
70
Calculate the highest common factor of 30 and 1120.
10
Calculate the greatest common divisor of 100 and 2950.
50
Calculate the greatest common factor of 3824 and 239.
239
Calculate the highest common factor of 7 and 49.
7
Calculate the greatest common divisor of 152 and 342.
38
What is the highest common divisor of 31 and 5?
1
Calculate the highest common factor of 10297 and 35.
7
What is the highest common factor of 56 and 2982?
14
What is the greatest common factor of 574 and 451?
41
What is the greatest common factor of 80 and 488?
8
What is the greatest common divisor of 85 and 153?
17
What is the greatest common divisor of 192 and 1104?
48
Calculate the highest common divisor of 8300 and 100.
100
Calculate the greatest common divisor of 5015 and 68.
17
Calculate the highest common divisor of 462 and 693.
231
Calculate the highest common divisor of 2952 and 2829.
123
Calculate the greatest common divisor of 72 and 2952.
72
What is the greatest common factor of 161 and 46?
23
Calculate the highest common factor of 234 and 18.
18
Calculate the highest common factor of 13 and 117.
13
What is the greatest common factor of 437 and 38?
19
Calculate the highest common factor of 35 and 7945.
35
Calculate the greatest common factor of 12636 and 312.
156
Calculate the highest common divisor of 1414 and 14.
14
What is the greatest common factor of 6 and 1074?
6
What is the greatest common divisor of 153 and 657?
9
Calculate the highest common factor of 38 and 1520.
38
Calculate the greatest common factor of 154 and 14.
14
What is the greatest common divisor of 396 and 8910?
198
Calculate the greatest common divisor of 180 and 135.
45
Calculate the greatest common factor of 53 and 2279.
53
Calculate the highest common factor of 5380 and 60.
20
Calculate the highest common factor of 456 and 96.
24
Calculate the highest common divisor of 36818 and 41.
41
What is the greatest common factor of 176 and 11?
11
What is the greatest common factor of 9 and 1143?
9
Calculate the greatest common divisor of 3330 and 870.
30
What is the highest common factor of 30 and 11145?
15
Calculate the highest common divisor of 78 and 1902.
6
Calculate the greatest common divisor of 21 and 1589.
7
Calculate the greatest common factor of 74 and 74.
74
Calculate the highest common divisor of 561 and 459.
51
Calculate the highest common factor of 34 and 12478.
34
Calculate the greatest common divisor of 912 and 400.
16
Calculate the highest common factor of 11 and 2519.
11
What is the greatest common divisor of 492 and 60?
12
Calculate the highest common divisor of 1862 and 342.
38
What is the greatest common divisor of 1496 and 11?
11
What is the highest common factor of 5925 and 6320?
395
Calculate the greatest common factor of 5243 and 535.
107
What is the highest common divisor of 6 and 41?
1
Calculate the highest common divisor of 135 and 100.
5
Calculate the greatest common divisor of 16 and 400.
16
What is the highest common factor of 345 and 15?
15
Calculate the highest common divisor of 2180 and 60.
20
Calculate the greatest common divisor of 8692 and 424.
212
Calculate the greatest common divisor of 12 and 444.
12
Calculate the greatest common divisor of 2201 and 31.
31
Calculate the greatest common factor of 4 and 13244.
4
What is the highest common divisor of 96 and 15?
3
Calculate the greatest common factor of 35 and 10745.
35
Calculate the highest common factor of 70 and 28.
14
Calculate the highest common divisor of 3136 and 238.
14
Calculate the greatest common divisor of 1064 and 1444.
76
Calculate the highest common factor of 216 and 72.
72
What is the highest common divisor of 528 and 120?
24
Calculate the greatest common divisor of 105 and 45.
15
What is the highest common divisor of 120 and 8688?
24
What is the highest common divisor of 7439 and 43?
43
Calculate the highest common divisor of 4 and 596.
4
Calculate the highest common divisor of 27 and 4572.
9
What is the greatest common divisor of 6 and 366?
6
What is the greatest common divisor of 5109 and 78?
39
What is the greatest common divisor of 366 and 1525?
61
What is the greatest common divisor of 46 and 736?
46
Calculate the greatest common factor of 11912 and 16.
8
What is the greatest common divisor of 4309 and 31?
31
Calculate the greatest common factor of 272 and 80.
16
Calculate the greatest common divisor of 390 and 1430.
130
Calculate the greatest common divisor of 230 and 391.
23
What is the highest common divisor of 25 and 675?
25
Calculate the highest common factor of 14272 and 32.
32
Calculate the greatest common factor of 35 and 784.
7
What is the highest common factor of 154 and 189?
7
Calculate the highest common factor of 54 and 1107.
27
What is the greatest common divisor of 714 and 28?
14
What is the greatest common factor of 716 and 12?
4
Calculate the greatest common factor of 12111 and 231.
33
What is the greatest common divisor of 2197 and 13?
13
Calculate the greatest common factor of 2520 and 5600.
280
What is the greatest common divisor of 361 and 95?
19
Calculate the greatest common factor of 1182 and 6.
6
What is the greatest common divisor of 10 and 310?
10
Calculate the highest common factor of 931 and 1127.
49
What is the greatest common divisor of 12750 and 102?
102
What is the highest common factor of 44 and 11231?
11
Calculate the highest common factor of 16 and 66.
2
Calculate the greatest common divisor of 9 and 20673.
9
What is the greatest common factor of 5 and 205?
5
What is the greatest common factor of 2688 and 96?
96
Calculate the highest common divisor of 440 and 1960.
40
Calculate the highest common factor of 494 and 169.
13
What is the highest common factor of 15 and 205?
5
Calculate the greatest common divisor of 12 and 2532.
12
What is the highest common factor of 174 and 4234?
58
What is the greatest common factor of 252 and 72?
36
What is the greatest common factor of 9 and 126?
9
Calculate the highest common factor of 161 and 23.
23
What is the highest common factor of 3 and 111?
3
What is the highest common divisor of 8586 and 108?
54
What is the highest common divisor of 876 and 730?
146
What is the highest common divisor of 108 and 5634?
18
Calculate the highest common factor of 22 and 4576.
22
Calculate the highest common factor of 18 and 585.
9
Calculate the highest common divisor of 66 and 814.
22
Calculate the greatest common divisor of 12 and 18.
6
Calculate the highest common divisor of 376 and 1222.
94
What is the greatest common factor of 93 and 4526?
31
What is the highest common factor of 2616 and 24?
24
Calculate the highest common factor of 468 and 252.
36
Calculate the highest common divisor of 10 and 190.
10
Calculate the greatest common divisor of 3172 and 520.
52
What is the greatest common factor of 125 and 1075?
25
What is the greatest common divisor of 29 and 10121?
29
What is the greatest common factor of 1408 and 440?
88
What is the highest common divisor of 210 and 810?
30
Calculate the greatest common factor of 828 and 27.
9
What is the highest common divisor of 99 and 1056?
33
Calculate the highest common factor of 500 and 5.
5
What is the highest common factor of 72 and 342?
18
Calculate the greatest common divisor of 51 and 3417.
51
What is the greatest common divisor 